the prime factors of i(-34)?
3, 31
Suppose 2*v = -2*x + 1118, 0*v = -4*v - 3*x + 2241. List the prime factors of v.
2, 3, 47
Let r be (-141)/(-2) - 3/6. Let q = r + -31. List the prime factors of q.
3, 13
Suppose -5*d + 3*p = -3*d - 23, -3*p = 9. Let g(c) = c**3 - 6*c**2 - 6*c + 9. Let o be g(d). Let y = 44 - o. What are the prime factors of y?
2, 7
Suppose 5*p + 2*q - 17 = -348, 4*p - q = -270. Let l be -2 + 4/((-8)/70). Let g = l - p. List the prime factors of g.
2, 3, 5
Let x(i) = 7*i**2 - 4*i + 15. List the prime factors of x(6).
3
Suppose -10*t - 16 = -6*t. Let b(g) be the second derivative of -g**5/20 - g**4/6 + g**3 + 3*g**2/2 + 2*g. List the prime factors of b(t).
11
Suppose -4*q + 3497 + 2263 = 0. List the prime factors of q.
2, 3, 5
Let y(l) = -22*l**2 + 132 + 97 - 201 + l**3 + 29*l. List the prime factors of y(21).
2, 7
Let r be (-4)/8 + 1/(-2) + 0. Let x(d) = -75*d - 5. List the prime factors of x(r).
2, 5, 7
Suppose -2*h - 2*h = -5*s - 47, -12 = -3*h - 4*s. Suppose -4*t = -h, 5*o - 5*t + 15 = 5. Suppose j - 20 - 42 = o. What are the prime factors of j?
2, 31
Suppose 7*c = -9023 + 37625. List the prime factors of c.
2, 3, 227
Suppose 0 = 5*z + 2*q - 712 - 129, 0 = -4*z + 2*q + 662. Let f = z + -94. Let k = f + -32. List the prime factors of k.
41
Let o be (0/2 + 2)*2. Let g be (-154)/(-33)*6/o. Suppose -12 = -a - g. List the prime factors of a.
5
Suppose -z = q - 62, -3*z - 4*q + 136 + 47 = 0. Suppose -2*r - 170 = -2*a, -a + 0*r = 3*r - z. Let v = a - 47. List the prime factors of v.
3, 11
Suppose 30 = -6*j - 6. List the prime factors of -254*j/6 + 3.
257
Let z(k) = -k**3 + 22*k**2 - 20*k - 11. Suppose -80 = -5*s - 5*c, -5*c + 3*c - 52 = -2*s. What are the prime factors of z(s)?
2, 5
Let q be (-2)/(18/(-75))*3. Let b(c) = -1 - 12*c**3 - q*c**3 - c - 25*c**3 - c**2. List the prime factors of b(-1).
61
Suppose 0 = -3*i, 4*b + 0*i - 1364 = 3*i. List the prime factors of b.
11, 31
Let f(i) be the first derivative of 2*i**2 - i - 5. Let u be f(1). Suppose 5*y - k = 101, 0*k = u*k - 12. What are the prime factors of y?
3, 7
Suppose 2 = -u - 10. Let s(p) = -18*p - 29. List the prime factors of s(u).
11, 17
Suppose 3*r = -2*k + 2830, -28*k + 5680 = -24*k - 4*r. What are the prime factors of k?
2, 709
Suppose -13 = -4*u + 5*n, n - 16 = -4*u + 5*n. Suppose 9*r - 296 = u*r. What are the prime factors of r?
2, 37
Let i be 4/(-2) - (-18 - -1). Suppose -67*c + 70*c + 21 = 0. Let u = c + i. What are the prime factors of u?
2
Let c(i) = 2*i**2 - 10*i - 6. Let j be (-1)/(-2)*(-40)/(-4). Suppose 0 = 3*a - z - 28, 0*z - 60 = -j*a + 5*z. What are the prime factors of c(a)?
2, 3, 7
List the prime factors of (-15)/(-6) + 0 - (-30457)/38.
2, 3, 67
Let x(o) = -o - 4. Let w be x(-7). Suppose b - 16 = -w*b. Suppose -q = -0*q + 1, -5*n + b*q = -84. List the prime factors of n.
2
Let w be (663/34)/((-2)/4). Let j = w - -58. Suppose 0*i = -3*i + 6, 0 = 3*g + 2*i - j. What are the prime factors of g?
5
Suppose w - 4*w - 3*m = -3564, 4*w - 4748 = -3*m. What are the prime factors of w?
2, 37
Suppose -p + 1 = -6*p + 3*z, 4*z = 8. Suppose 0 = 4*v - 19 + 3. Suppose f + p = v. What are the prime factors of f?
3
Let u(t) = 3*t**3 + 8*t**2 - t - 17. Let a(n) = 7*n**3 + 16*n**2 - 3*n - 34. Let g(r) = -2*a(r) + 5*u(r). List the prime factors of g(-5).
53
Let a be (-1)/(-1*(-2 + 3)). Let z(n) = 102*n**2 + 2*n - 2. What are the prime factors of z(a)?
2, 3, 17
Suppose 0 = 53*q - 47*q - 18. Suppose -290 = -5*t + 2*m, 5*m - 8*m - 183 = -q*t. What are the prime factors of t?
2, 7
Suppose 2*p - 8 = k, 2*k + 3*k + 56 = 2*p. Let s = -9 - k. Suppose -3*u + s*n = -9, -u = -2*u + 2*n + 4. List the prime factors of u.
2
Let k = 3956 + -1830. List the prime factors of k.
2, 1063
Suppose 0 = 5*o + 20, -3*r - 8 = -o + 6*o. Suppose 130 = 2*k + r*l, -4 + 0 = -2*l. What are the prime factors of k?
61
Suppose 111 + 1224 = 3*r. Suppose r = 22*a - 17*a. List the prime factors of a.
89
Suppose -12*l - 2352 = -9888. List the prime factors of l.
2, 157
Let h(m) = -m**2 + 5*m + 2. Let v be h(5). Let p(r) = -4*r**v + 12*r + 0*r**2 - 5 + 18 + 5*r**2. List the prime factors of p(-14).
41
Let p(c) = 8*c + 228. List the prime factors of p(8).
2, 73
Let q be (-18)/((-18)/(-6))*3. What are the prime factors of (1796/18)/1 + (-4)/q?
2, 5
Suppose r = 75 - 5. List the prime factors of (-261)/(-7) - 20/r.
37
Suppose -5*f + 7*f = 172. Let q = 44 + f. List the prime factors of q.
2, 5, 13
Let m be 1088/28 - (-5)/35. Suppose 7*g - 73 - m = 0. What are the prime factors of g?
2
Let q = 246 + -123. Let r = -57 + q. What are the prime factors of r?
2, 3, 11
Suppose 0 = 3*q - 7 + 1. Let g be (-9)/6*q + 6. Suppose -4*h = 2*v + 3*v - 161, -g*v - h + 98 = 0. What are the prime factors of v?
3, 11
Suppose 0 = -3*n + 3, 3*i - 7*n + 2*n - 2077 = 0. List the prime factors of i.
2, 347
Suppose -q + 20 = 4*g - 55, -3*g + 4*q + 42 = 0. What are the prime factors of ((-70)/(-3) - -2)/(4/g)?
2, 3, 19
Let r = 931 - 472. List the prime factors of r.
3, 17
Suppose 90*p + 8439 = 93*p. What are the prime factors of p?
29, 97
Suppose 21907 + 6113 = 30*z. List the prime factors of z.
2, 467
Suppose -3*j - 5*y + 21 = 0, 5*j + 7*y = 9*y + 4. Let q be 3/12 - (-2)/(-8). Suppose -3*d + j*t + 0*t + 21 = q, -d - 5*t = -24. List the prime factors of d.
3
Suppose 0 = 3*b + h - 27 + 80, 32 = -2*b - 4*h. Let x = -14 - b. Suppose x = -q + 8. What are the prime factors of q?
2
Suppose 0 = -5*y - y. Suppose 4*w = -y + 84. What are the prime factors of w?
3, 7
Suppose -1 = f + 8. Let g(w) = -4*w - 1. List the prime factors of g(f).
5, 7
Suppose 4*l + 0*l = 4*b + 36, -l + 11 = -3*b. Suppose l*v - 192 = 168. List the prime factors of v.
3, 5
Let o = 1238 - 625. What are the prime factors of o?
613
Let p = -12 - -43. Let j = 24 - p. Let g(f) = f**3 + 8*f**2 - 2*f + 3. What are the prime factors of g(j)?
2, 3, 11
Suppose -j - b = -4*b + 10, 0 = 3*j + b - 10. Suppose j*l + 0*l - 109 = 5*s, 0 = -5*l + 4*s + 315. What are the prime factors of l?
67
Let p(g) be the first derivative of -3 - 4*g**2 + 2/3*g**3 + 7*g. What are the prime factors of p(6)?
31
Let p = -67 + 68. List the prime factors of (3 - -1)*p*26.
2, 13
Suppose -4*q + 55*w = 51*w - 6080, 5*w = -3*q + 4528. What are the prime factors of q?
2, 379
Let x be (1/(-6))/((-5)/15)*0. Suppose 2*h + 4 - 26 = x. List the prime factors of h.
11
Let k(j) = -j**2 + 13*j + 21. What are the prime factors of k(0)?
3, 7
Let v be 1*(90/5 - -3). Suppose -6 = p - v. List the prime factors of p.
3, 5
Suppose -36*m = -98*m + 71176. List the prime factors of m.
2, 7, 41
Let k(m) = -m**3 + 2*m + 1. Let d be k(-1). Let b = -4 + 21. Suppose d = 20*j - 19*j - b. What are the prime factors of j?
17
Suppose 9*i = 1954 + 116. List the prime factors of i.
2, 5, 23
Suppose -3*d - 1 = -4*d. Let f be 1/((3 - d)/(-10)). Let r = 72 + f. What are the prime factors of r?
67
Let p = -1055 + 2104. What are the prime factors of p?
1049
Let o(x) = -2*x - 6*x**2 - 2*x + 8 + 2*x + 2*x**3. Let g be o(4). Let b = 55 - g. What are the prime factors of b?
23
Let o(i) = -7*i - 14. Let a be o(-2). Suppose m = -a*m + 246. List the prime factors of m.
2, 3, 41
Let f(n) = 780*n - 8. What are the prime factors of f(1)?
2, 193
Suppose -66 = -4*n + 2*n. Let t = n + 12. Suppose -3*l + 24 + t = 0. What are the prime factors of l?
23
Suppose 7036 = 4*n + 16*x - 20*x, -2*x + 1768 = n. What are the prime factors of n?
2, 881
Let x(u) = 2*u**2 + u - 1. Let n be x(1). Let i be n - 1 - 1 - -41. Suppose -25 = -2*p + 4*c + i, 120 = 4*p + 4*c. What are the prime factors of p?
31
Suppose 0 = -10*m + 2 + 8. List the prime factors of -2*(315/(-10) + 2/m).
59
What are the prime factors of (230 + 19)*3/((-9)/(-2))?
2, 83
Let u(f) = -91*f + 6. Suppose -q + 15 = -4*o, 0*o - 2*o = -2*q + 6. Let p be u(o). List the prime factors of p/5*2/4.
37
Let h = 1 - -4. Let c(t) = t**2 - 7*t - 2. Let p be c(h). Let a = p + 23. List the prime factors of a.
11
Suppose 5*v - 6 = 2*v. Suppose 4 = v*c, -3*c - 12 - 37 = -5*m. Suppose 2*q - m = 5. List the prime factors of q.
2
Let k = -12 + 8. Let j(q) = q**2 + 3*q + 1. Let v be j(k). What are the prime factors of (-10)/4*(-8)/v?
2
Suppose 6*y = -951 + 1995. List the prime factors of y.
2, 3, 29
Let c(b) = 378*b**2 + 173*b + 530.